{"id":1871,"date":"2024-07-15T05:54:07","date_gmt":"2024-07-15T05:54:07","guid":{"rendered":"https:\/\/misblogs.site\/?page_id=1871"},"modified":"2024-07-15T05:56:19","modified_gmt":"2024-07-15T05:56:19","slug":"dragon-ball","status":"publish","type":"page","link":"https:\/\/misblogs.site\/index.php\/dragon-ball\/","title":{"rendered":"Dragon Ball"},"content":{"rendered":"\n<p>Te muestro los personajes que aparecen en el manga y anime Dragon Ball, siguiendo a de Goku y sus amigos desde el inicio de su aventura.<\/p>\n\n\n\n<div class=\"wp-block-buttons is-content-justification-center is-layout-flex wp-container-core-buttons-is-layout-16018d1d wp-block-buttons-is-layout-flex\">\n<div class=\"wp-block-button has-custom-width wp-block-button__width-50 has-custom-font-size is-style-fill has-medium-font-size\"><a class=\"wp-block-button__link has-white-color has-luminous-vivid-orange-to-vivid-red-gradient-background has-text-color has-background has-link-color wp-element-button\" href=\"https:\/\/dragonball.misblogs.site\/\" target=\"_blank\" rel=\"noreferrer noopener\">Dargon Ball<\/a><\/div>\n<\/div>\n\n\n\n<p><\/p>\n\n\n\n<figure class=\"wp-block-image size-large\"><img loading=\"lazy\" decoding=\"async\" width=\"1024\" height=\"683\" src=\"https:\/\/misblogs.site\/wp-content\/uploads\/2024\/07\/1649840-1024x683.jpg\" alt=\"\" class=\"wp-image-1872\" srcset=\"https:\/\/misblogs.site\/wp-content\/uploads\/2024\/07\/1649840-1024x683.jpg 1024w, https:\/\/misblogs.site\/wp-content\/uploads\/2024\/07\/1649840-300x200.jpg 300w, https:\/\/misblogs.site\/wp-content\/uploads\/2024\/07\/1649840-768x512.jpg 768w, https:\/\/misblogs.site\/wp-content\/uploads\/2024\/07\/1649840-360x239.jpg 360w, https:\/\/misblogs.site\/wp-content\/uploads\/2024\/07\/1649840.jpg 1200w\" sizes=\"auto, (max-width: 1024px) 100vw, 1024px\" \/><\/figure>\n\n\n\n<p>Dragon Ball (\u30c9\u30e9\u30b4\u30f3\u30dc\u30fc\u30eb lit. Bola de drag\u00f3n\/Esfera del drag\u00f3n?) es un manga escrito e ilustrado por Akira Toriyama. Fue publicado originalmente en la revista Sh\u014dnen Jump, de la editorial japonesa Sh\u016beisha, entre 1984 y 1995.\u200b Su trama describe las aventuras de Gok\u016b, un guerrero saiyajin, experto en artes marciales que en su infancia inicia sus viajes y aventuras en las que pone a prueba y mejora sus habilidades de pelea, enfrentando oponentes y protegiendo a la Tierra de otros seres que quieren conquistarla y exterminar a la humanidad. Conforme transcurre la trama, conoce a otros personajes que le ayudan en este prop\u00f3sito. El nombre de la serie proviene de unas esferas m\u00e1gicas que al ser reunidas invocan a un drag\u00f3n que concede deseos. En varias ocasiones resultan \u00fatiles tanto para Gok\u016b y sus amigos como para la humanidad, aunque tambi\u00e9n son procuradas de forma constante por algunos seres malignos.<\/p>\n\n\n\n<p>El manga tuvo 519 cap\u00edtulos impresos recopilados en 42 vol\u00famenes tank\u014dbon.\u200b Dos a\u00f1os despu\u00e9s de su lanzamiento, Toei Animation estren\u00f3 una adaptaci\u00f3n anime que abarc\u00f3 aproximadamente la primera mitad de la obra. Una vez concluida su transmisi\u00f3n en 1989 por el canal Fuji Television en Jap\u00f3n, Toei estren\u00f3 una continuaci\u00f3n titulada Dragon Ball Z, la cual incorpor\u00f3 el contenido restante del manga.\u200b Un tercer anime producido por el mismo estudio se estren\u00f3 en 1996. Denominado Dragon Ball GT, posee un argumento in\u00e9dito en cuya redacci\u00f3n no particip\u00f3 Toriyama.\u200b En 2015 comenz\u00f3 a emitirse Dragon Ball Super en Fuji Television, anime que contin\u00faa los sucesos de Dragon Ball Z y que cuenta con una adaptaci\u00f3n al manga, publicada a partir de junio del mismo a\u00f1o en Sh\u014dnen Jump.\u200b La violencia y desnudez presentes en algunos episodios tanto del anime como del manga provocaron la censura por parte de las distribuidoras en distintos pa\u00edses.<\/p>\n\n\n\n<p>Las ventas del material impreso, cuantificadas en m\u00e1s de 160 millones de copias vendidas en Jap\u00f3n6\u200b y de 260 millones a nivel mundial,\u200b llevaron a Dragon Ball a ser uno de los t\u00edtulos m\u00e1s exitosos de Sh\u016beisha.8\u200b Las adaptaciones anime tambi\u00e9n consiguieron un \u00e9xito notable; en 1999, por ejemplo, uno de sus cap\u00edtulos logr\u00f3 un r\u00e9cord de audiencia en EE. UU. en la cadena Cartoon Network, con 1.7 millones de televidentes. Dragon Ball es considerada como una de las obras m\u00e1s influyentes y populares\u200b de la \u00e9poca contempor\u00e1nea,10\u200b y ha servido de inspiraci\u00f3n para otros mangakas como Eiichir\u014d Oda, Masashi Kishimoto, Tite Kubo e Hiro Mashima, creadores de One Piece, Naruto, Bleach y Fairy Tail, respectivamente. Existe una franquicia de productos sobre el universo creado por Toriyama, que incluye pel\u00edculas animadas y de im\u00e1genes reales, animaciones originales, videojuegos, cartas coleccionables, figuras de acci\u00f3n y juguetes, entre otros. En la encuesta realizada por la cadena de televisi\u00f3n Japonesa TV Asahi para elegir los 100 Mejores mangas de la historia, Dragon Ball alcanz\u00f3 el puesto n\u00famero 5.<\/p>\n","protected":false},"excerpt":{"rendered":"<p>Te muestro los personajes que aparecen en el manga y anime Dragon Ball, siguiendo a de Goku y sus amigos desde el inicio de su aventura. Dragon Ball (\u30c9\u30e9\u30b4\u30f3\u30dc\u30fc\u30eb lit. Bola de drag\u00f3n\/Esfera del drag\u00f3n?) es un manga escrito e ilustrado por Akira Toriyama. Fue publicado originalmente en la revista Sh\u014dnen Jump, de la editorial [&hellip;]<\/p>\n","protected":false},"author":1,"featured_media":0,"parent":0,"menu_order":0,"comment_status":"closed","ping_status":"closed","template":"","meta":{"_monsterinsights_skip_tracking":false,"_monsterinsights_sitenote_active":false,"_monsterinsights_sitenote_note":"","_monsterinsights_sitenote_category":0,"footnotes":""},"class_list":["post-1871","page","type-page","status-publish","hentry"],"_links":{"self":[{"href":"https:\/\/misblogs.site\/index.php\/wp-json\/wp\/v2\/pages\/1871","targetHints":{"allow":["GET"]}}],"collection":[{"href":"https:\/\/misblogs.site\/index.php\/wp-json\/wp\/v2\/pages"}],"about":[{"href":"https:\/\/misblogs.site\/index.php\/wp-json\/wp\/v2\/types\/page"}],"author":[{"embeddable":true,"href":"https:\/\/misblogs.site\/index.php\/wp-json\/wp\/v2\/users\/1"}],"replies":[{"embeddable":true,"href":"https:\/\/misblogs.site\/index.php\/wp-json\/wp\/v2\/comments?post=1871"}],"version-history":[{"count":2,"href":"https:\/\/misblogs.site\/index.php\/wp-json\/wp\/v2\/pages\/1871\/revisions"}],"predecessor-version":[{"id":1875,"href":"https:\/\/misblogs.site\/index.php\/wp-json\/wp\/v2\/pages\/1871\/revisions\/1875"}],"wp:attachment":[{"href":"https:\/\/misblogs.site\/index.php\/wp-json\/wp\/v2\/media?parent=1871"}],"curies":[{"name":"wp","href":"https:\/\/api.w.org\/{rel}","templated":true}]}}